s 1885319 prime?
False
Is 162031537 composite?
True
Is 27719641 composite?
False
Is 126871583 a prime number?
True
Is 6566633 a composite number?
True
Is 22378859 composite?
True
Is 4322863 prime?
True
Is 45867221 prime?
False
Is 177589 a prime number?
True
Is 1607677 a prime number?
False
Is 13772369 prime?
False
Is 38767481 a prime number?
True
Is 234413 composite?
True
Is 6444413 a prime number?
True
Is 4000979 composite?
False
Is 141887699 prime?
True
Is 5594767 a prime number?
False
Is 976002277 a prime number?
True
Is 369487 a composite number?
False
Is 8575031 prime?
True
Is 182473535 a prime number?
False
Is 4187483 prime?
True
Is 111986657 prime?
True
Is 7893035 prime?
False
Is 1190423 composite?
True
Is 12700117 a composite number?
True
Is 69973481 prime?
False
Is 20554357 prime?
False
Is 11876087 a composite number?
False
Is 52252693 a prime number?
False
Is 82387003 prime?
True
Is 215585 prime?
False
Is 11488699 prime?
True
Is 888047 composite?
False
Is 46901683 a composite number?
False
Is 259835929 a composite number?
True
Is 53721553 a prime number?
True
Is 44616203 prime?
True
Is 4907743 a composite number?
False
Is 3299081 a composite number?
False
Is 909281 a prime number?
True
Is 312398705 composite?
True
Is 78603809 a prime number?
False
Is 6082801 a prime number?
False
Is 248993221 composite?
True
Is 112777219 prime?
False
Is 1159957 composite?
True
Is 1313821 a composite number?
True
Is 2943217 composite?
False
Is 1677697 composite?
True
Is 20542531 a prime number?
True
Is 141755369 composite?
True
Is 192363013 composite?
False
Is 6263993 a prime number?
True
Is 2378993 a prime number?
True
Is 119002391 a prime number?
False
Is 7688755 a prime number?
False
Is 2415001 composite?
True
Is 9692197 composite?
True
Is 418030991 prime?
False
Is 907871 a prime number?
True
Is 3611147 a prime number?
True
Is 152237611 prime?
False
Is 379183813 a prime number?
False
Is 148130929 prime?
True
Is 1394387 a prime number?
False
Is 194092013 prime?
False
Is 28253461 composite?
False
Is 252027166 a prime number?
False
Is 74278367 prime?
False
Is 18262271 a composite number?
False
Is 853387 a prime number?
True
Is 88873601 a composite number?
True
Is 4906361 prime?
True
Is 440381111 prime?
False
Is 8423407 a composite number?
False
Is 203713 prime?
True
Is 126163913 a prime number?
False
Is 535999669 composite?
True
Is 32725727 composite?
False
Is 194687369 composite?
False
Is 2984011 a composite number?
True
Is 11215891 composite?
True
Is 1580519 a prime number?
False
Is 38450887 prime?
False
Is 1984639 a composite number?
False
Is 170621 a prime number?
False
Is 3375259 composite?
True
Is 118583 a composite number?
False
Is 65738753 composite?
False
Is 17863369 prime?
False
Is 24771289 a composite number?
True
Is 1391053 a prime number?
False
Is 1273763 prime?
False
Is 1080589 a prime number?
True
Is 15023159 a composite number?
False
Is 5208779 composite?
False
Is 5236661 a prime number?
True
Is 90932389 a composite number?
False
Is 180191353 a prime number?
True
Is 12102329 prime?
True
Is 3821627 a composite number?
False
Is 389497 prime?
False
Is 849197 a prime number?
True
Is 25936915 a prime number?
False
Is 2980247 composite?
True
Is 4429723 prime?
True
Is 994843 a composite number?
True
Is 41051203 a composite number?
True
Is 310916717 a prime number?
False
Is 24440851 composite?
False
Is 31785449 a composite number?
False
Is 2585131 composite?
True
Is 1358689 composite?
False
Is 320027315 prime?
False
Is 755707 a prime number?
True
Is 69702983 composite?
True
Is 112353929 a composite number?
False
Is 374342105 composite?
True
Is 6482197 composite?
False
Is 534731293 a prime number?
False
Is 12015881 a composite number?
True
Is 36270121 a prime number?
False
Is 3962163 a composite number?
True
Is 1971659 a prime number?
True
Is 697481 composite?
False
Is 8831391 a composite number?
True
Is 14886397 a prime number?
True
Is 3753179 composite?
False
Is 62724469 a prime number?
True
Is 19387181 prime?
False
Is 137665933 a composite number?
True
Is 18659561 a prime number?
True
Is 410018703 a prime number?
False
Is 49763989 a composite number?
True
Is 363545067 a prime number?
False
Is 595873 prime?
True
Is 10000189 composite?
False
Is 24445651 composite?
False
Is 3132971 a composite number?
False
Is 1974029 a composite number?
False
Is 10169062 a prime number?
False
Is 125306759 a composite number?
False
Is 86456527 a prime number?
False
Is 5059553 prime?
False
Is 404987579 a composite number?
True
Is 1897607 a composite number?
True
Is 6746171 a composite number?
False
Is 13239857 a prime number?
True
Is 25685887 composite?
True
Is 100412605 a prime number?
False
Is 683567 a composite number?
False
Is 71023 composite?
False
Is 2305493 prime?
False
Is 1824871 prime?
True
Is 18841699 prime?
True
Is 12446827 composite?
True
Is 58604387 prime?
True
Is 33656369 a composite number?
False
Is 268607 a composite number?
False
Is 174988679 prime?
False
Is 5333 a prime number?
True
Is 3662863 a prime number?
False
Is 333911 composite?
False
Is 124183291 composite?
True
Is 8436713 a prime number?
True
Is 280759 a composite number?
False
Is 13827731 composite?
False
Is 974747 a prime number?
True
Is 21441559 a composite number?
True
Is 15221471 a composite number?
True
Is 40107547 composite?
False
Is 119591 a prime number?
True
Is 304094179 a prime number?
False
Is 26534045 a prime number?
False
Is 2892839 a composite number?
True
Is 251141293 composite?
True
Is 1356031 a prime number?
False
Is 125564617 composite?
False
Is 1648443 a prime number?
False
Is 1125494519 composite?
False
Is 11294713 prime?
False
Is 3538331 composite?
True
Is 3553123 a prime number?
False
Is 3539923 a composite number?
True
Is 872163451 composite?
False
Is 236442257 a composite number?
True
Is 89456987 a prime number?
False
Is 2483409 composite?
True
Is 1298543609 prime?
False
Is 459424243 a composite number?
False
Is 47562589 composite?
True
Is 25572227 prime?
True
Is 5384765 a composite number?
True
Is 1541017 prime?
False
Is 4990529 a composite number?
False
Is 715961 a composite number?
False
Is 221390293 a prime number?
True
Is 8197741 a prime number?
True
Is 13829 prime?
True
Is 3165859 a composite number?
True
Is 17271739 a prime number?
True
Is 413963 prime?
False
Is 45544553 composite?
False
Is 175165573 a composite number?
True
Is 4153943 prime?
True
Is 17319251 a composite number?
True
Is 23993917 a prime number?
False
Is 47826907 prime?
True
Is 1164767 composite?
True
Is 52629757 a prime number?
True
Is 8314181 a composite number?
False
Is 3539777 composite?
False
Is 25464391 composite?
True
Is 124800899 a prime number?
True
Is 9789641 prime?
True
Is 38375599 a composite number?
False
Is 65367031 composite?
False
Is 9834217 prime?
True
Is 148356013 a composite number?
True
Is 117684059 prime?
False
Is 14414899 composite?
False
Is 3731831 prime?
False
Is 43315633 a prime number?
False
Is 333366349 a composite number?
False
Is 1892827 prime?
True
Is 101179447 prime?
False
Is 262210523 prime?
True
Is 855013 composite?
True
Is 23522183 a composite number?
True
Is 19465129 prime?
True
Is 75725359 prime?
True
Is 37061317 composite?
True
Is 614527 a prime number?
True
Is 468910397 prime?
True
Is 33442031 prime?
False
Is 441463657 a composite number?
False
Is 2477183 a prime number?
False
Is 4587497 composite?
False
Is 239927489 composite?
False
Is 76074343 a prime number?
False
Is 7065719 a prime number?
False
Is 1123051 a prime number?
True
Is 373349 prime?
True
Is 5497721 a prime number?
True
Is 97265983 composite?
True
Is 12016159 prime?
False
Is 3023903 composite?
False
Is 829051 composite?
True
Is 3742649 a composite number?
False
Is 318341726 prime?
False
Is 494781149 prime?
False
Is 17919493 prime?
True
Is 88707351 a prime number?
False
Is 51251359 a composite number?
False
Is 214568969 a composite number?
False
Is 2122873 prime?
True
Is 983357 a composite number?
True
Is 223493 composite?
False
Is 4629613 a composite number?
False
Is 376231 prime?
True
Is 77069 prime?
True
Is 17433709 composite?
False
Is 32272397 a composite number?
False
Is 103934083 a composite number?
True
Is 410383 a composite number?
False
Is 11178247 composite?
False
Is 610823